{"id":549,"date":"2020-08-20T10:51:33","date_gmt":"2020-08-20T08:51:33","guid":{"rendered":"https:\/\/aschaffenburgzweinull.stadtarchiv-digital.de\/?page_id=549"},"modified":"2020-08-28T07:52:56","modified_gmt":"2020-08-28T05:52:56","slug":"nutzungsbestimmungen","status":"publish","type":"page","link":"https:\/\/aschaffenburgzweinull.stadtarchiv-digital.de\/nutzungsbestimmungen\/","title":{"rendered":"Nutzungsbedingungen f\u00fcr die Teilnahme an Aschaffenburg 2.0"},"content":{"rendered":"<h3>Urheberrechte<\/h3>\n<p>Alle Nutzer*innen best\u00e4tigen beim Upload, \u00fcber die Nutzungsrechte an Fotos und\/oder Texten o.\u00e4. zu verf\u00fcgen, d.h. dass ihm*ihr &#8222;hinsichtlich des oben genannten Materials s\u00e4mtliche f\u00fcr diese Nutzung erforderlichen Rechte zustehen&#8220; und dass er*sie \u00fcber diese Rechte verf\u00fcgen kann.<\/p>\n<h3>Pers\u00f6nlichkeitsrechte \/ Recht am eigenen Bild<\/h3>\n<p>Jeder Mensch hat das Recht am eigenen Bild. Ohne Erlaubnis d\u00fcrfen Fotos von einzelnen Privatpersonen nicht ver\u00f6ffentlicht werden. Einige Hinweise als Hilfestellung: Lachen die abgebildeten Personen erkennbar in die Kamera, dann sind sie vermutlich damit einverstanden gewesen, fotografiert zu werden. Wenn Eltern zusammen mit ihrem Kind auf dem Foto zu sehen sind, kann man daraus auch auf das Einverst\u00e4ndnis der Eltern schlie\u00dfen, Bilder der Kinder zu ver\u00f6ffentlichen. Grunds\u00e4tzlich ist es aber am besten, wenn das Einverst\u00e4ndnis der fotografierten Personen vorliegt (namentlich bei j\u00fcngeren Aufnahmen).<\/p>\n<h3>Weiternutzung durch Creative Commons<\/h3>\n<p>Alle Beitr\u00e4ge stehen in der Regel unter der Creative-Commons-Lizenz <a href=\"https:\/\/creativecommons.org\/licenses\/by\/3.0\/\">CC BY 3.0<\/a>. Creative Commons ist eine gemeinn\u00fctzige Organisation, zugleich aber auch die Bezeichnung f\u00fcr verschiedene standardisierte Lizenzen. Die \u201eCC-Lizenzen\u201c werden eingesetzt, um alle Arten von \u201eWerken\u201c (Bilder, Dateien, Texte, Audios etc.) kontrolliert zur Nachnutzung freizugeben.<\/p>\n<h3>Weitere Grunds\u00e4tze f\u00fcr die Teilnahme<\/h3>\n<p><a href=\"https:\/\/aschaffenburgzweinull.stadtarchiv-digital.de\/\">Aschaffenburg 2.0<\/a> ist eine partizipative Plattform, d.h. die Aschaffenburger*innen beteiligen sich aktiv an den Inhalten.<\/p>\n<ol>\n<li>Alle beitragenden Personen verpflichten sich, in ihren Beitr\u00e4gen die Rechte Dritter zu wahren (siehe auch oben).<\/li>\n<li>Die Meinungs\u00e4u\u00dferungen der Teilnehmer*innen m\u00fcssen sich im demokratisch angemessenen und vertretbaren Bereich bewegen.<\/li>\n<li>Rassistische, diskriminierende und\/oder verletzende Positionen u.\u00c4. werden nicht als Ausdruck freier Meinungs\u00e4u\u00dferung toleriert.<\/li>\n<li>Die Inhalte k\u00f6nnen redaktionell vom Archiv betreut werden.<\/li>\n<li>Die Beitr\u00e4ge d\u00fcrfen keinen gewerblichen Charakter haben. Ebenso wenig darf Aschaffenburg 2.0 f\u00fcr das Durchf\u00fchren politischer Kampagnen genutzt werden. Das Stadt- und Stiftsarchiv beh\u00e4lt sich vor, solche Beitr\u00e4ge zu redigieren oder sie aus dem Portal auszuschlie\u00dfen.<\/li>\n<li>Mit ihrer Anmeldung erkl\u00e4ren sich die potenziellen beitragenden Personen mit diesen Grunds\u00e4tzen einverstanden.<\/li>\n<\/ol>\n","protected":false},"excerpt":{"rendered":"<p>Urheberrechte Alle Nutzer*innen best\u00e4tigen beim Upload, \u00fcber die Nutzungsrechte an Fotos und\/oder Texten o.\u00e4. zu verf\u00fcgen, d.h. dass ihm*ihr &#8222;hinsichtlich des oben genannten Materials s\u00e4mtliche f\u00fcr diese Nutzung erforderlichen Rechte [&hellip;]<\/p>\n","protected":false},"author":1,"featured_media":0,"parent":0,"menu_order":12,"comment_status":"closed","ping_status":"closed","template":"","meta":{"_acf_changed":false,"footnotes":""},"class_list":["post-549","page","type-page","status-publish","hentry"],"acf":[],"yoast_head":"<!-- This site is optimized with the Yoast SEO plugin v27.4 - https:\/\/yoast.com\/product\/yoast-seo-wordpress\/ -->\n<title>Nutzungsbedingungen f\u00fcr die Teilnahme an Aschaffenburg 2.0 - Aschaffenburg<\/title>\n<meta name=\"robots\" content=\"index, follow, max-snippet:-1, max-image-preview:large, max-video-preview:-1\" \/>\n<link rel=\"canonical\" href=\"https:\/\/aschaffenburgzweinull.stadtarchiv-digital.de\/nutzungsbestimmungen\/\" \/>\n<meta property=\"og:locale\" content=\"de_DE\" \/>\n<meta property=\"og:type\" content=\"article\" \/>\n<meta property=\"og:title\" content=\"Nutzungsbedingungen f\u00fcr die Teilnahme an Aschaffenburg 2.0 - Aschaffenburg\" \/>\n<meta property=\"og:description\" content=\"Urheberrechte Alle Nutzer*innen best\u00e4tigen beim Upload, \u00fcber die Nutzungsrechte an Fotos und\/oder Texten o.\u00e4. zu verf\u00fcgen, d.h. dass ihm*ihr &#8222;hinsichtlich des oben genannten Materials s\u00e4mtliche f\u00fcr diese Nutzung erforderlichen Rechte [&hellip;]\" \/>\n<meta property=\"og:url\" content=\"https:\/\/aschaffenburgzweinull.stadtarchiv-digital.de\/nutzungsbestimmungen\/\" \/>\n<meta property=\"og:site_name\" content=\"Aschaffenburg\" \/>\n<meta property=\"article:modified_time\" content=\"2020-08-28T05:52:56+00:00\" \/>\n<meta property=\"og:image\" content=\"https:\/\/aschaffenburgzweinull.stadtarchiv-digital.de\/wp-content\/uploads\/2020\/07\/Logo-Stadtarchiv-Aschaffenburg.png\" \/>\n\t<meta property=\"og:image:width\" content=\"379\" \/>\n\t<meta property=\"og:image:height\" content=\"70\" \/>\n\t<meta property=\"og:image:type\" content=\"image\/png\" \/>\n<meta name=\"twitter:card\" content=\"summary_large_image\" \/>\n<meta name=\"twitter:label1\" content=\"Gesch\u00e4tzte Lesezeit\" \/>\n\t<meta name=\"twitter:data1\" content=\"2\u00a0Minuten\" \/>\n<script type=\"application\/ld+json\" class=\"yoast-schema-graph\">{\"@context\":\"https:\\\/\\\/schema.org\",\"@graph\":[{\"@type\":\"WebPage\",\"@id\":\"https:\\\/\\\/aschaffenburgzweinull.stadtarchiv-digital.de\\\/nutzungsbestimmungen\\\/\",\"url\":\"https:\\\/\\\/aschaffenburgzweinull.stadtarchiv-digital.de\\\/nutzungsbestimmungen\\\/\",\"name\":\"Nutzungsbedingungen f\u00fcr die Teilnahme an Aschaffenburg 2.0 - Aschaffenburg\",\"isPartOf\":{\"@id\":\"https:\\\/\\\/aschaffenburgzweinull.stadtarchiv-digital.de\\\/#website\"},\"datePublished\":\"2020-08-20T08:51:33+00:00\",\"dateModified\":\"2020-08-28T05:52:56+00:00\",\"breadcrumb\":{\"@id\":\"https:\\\/\\\/aschaffenburgzweinull.stadtarchiv-digital.de\\\/nutzungsbestimmungen\\\/#breadcrumb\"},\"inLanguage\":\"de\",\"potentialAction\":[{\"@type\":\"ReadAction\",\"target\":[\"https:\\\/\\\/aschaffenburgzweinull.stadtarchiv-digital.de\\\/nutzungsbestimmungen\\\/\"]}]},{\"@type\":\"BreadcrumbList\",\"@id\":\"https:\\\/\\\/aschaffenburgzweinull.stadtarchiv-digital.de\\\/nutzungsbestimmungen\\\/#breadcrumb\",\"itemListElement\":[{\"@type\":\"ListItem\",\"position\":1,\"name\":\"Startseite\",\"item\":\"https:\\\/\\\/aschaffenburgzweinull.stadtarchiv-digital.de\\\/\"},{\"@type\":\"ListItem\",\"position\":2,\"name\":\"Nutzungsbedingungen f\u00fcr die Teilnahme an Aschaffenburg 2.0\"}]},{\"@type\":\"WebSite\",\"@id\":\"https:\\\/\\\/aschaffenburgzweinull.stadtarchiv-digital.de\\\/#website\",\"url\":\"https:\\\/\\\/aschaffenburgzweinull.stadtarchiv-digital.de\\\/\",\"name\":\"Aschaffenburg\",\"description\":\"2.0\",\"potentialAction\":[{\"@type\":\"SearchAction\",\"target\":{\"@type\":\"EntryPoint\",\"urlTemplate\":\"https:\\\/\\\/aschaffenburgzweinull.stadtarchiv-digital.de\\\/?s={search_term_string}\"},\"query-input\":{\"@type\":\"PropertyValueSpecification\",\"valueRequired\":true,\"valueName\":\"search_term_string\"}}],\"inLanguage\":\"de\"}]}<\/script>\n<!-- \/ Yoast SEO plugin. -->","yoast_head_json":{"title":"Nutzungsbedingungen f\u00fcr die Teilnahme an Aschaffenburg 2.0 - Aschaffenburg","robots":{"index":"index","follow":"follow","max-snippet":"max-snippet:-1","max-image-preview":"max-image-preview:large","max-video-preview":"max-video-preview:-1"},"canonical":"https:\/\/aschaffenburgzweinull.stadtarchiv-digital.de\/nutzungsbestimmungen\/","og_locale":"de_DE","og_type":"article","og_title":"Nutzungsbedingungen f\u00fcr die Teilnahme an Aschaffenburg 2.0 - Aschaffenburg","og_description":"Urheberrechte Alle Nutzer*innen best\u00e4tigen beim Upload, \u00fcber die Nutzungsrechte an Fotos und\/oder Texten o.\u00e4. zu verf\u00fcgen, d.h. dass ihm*ihr &#8222;hinsichtlich des oben genannten Materials s\u00e4mtliche f\u00fcr diese Nutzung erforderlichen Rechte [&hellip;]","og_url":"https:\/\/aschaffenburgzweinull.stadtarchiv-digital.de\/nutzungsbestimmungen\/","og_site_name":"Aschaffenburg","article_modified_time":"2020-08-28T05:52:56+00:00","og_image":[{"width":379,"height":70,"url":"https:\/\/aschaffenburgzweinull.stadtarchiv-digital.de\/wp-content\/uploads\/2020\/07\/Logo-Stadtarchiv-Aschaffenburg.png","type":"image\/png"}],"twitter_card":"summary_large_image","twitter_misc":{"Gesch\u00e4tzte Lesezeit":"2\u00a0Minuten"},"schema":{"@context":"https:\/\/schema.org","@graph":[{"@type":"WebPage","@id":"https:\/\/aschaffenburgzweinull.stadtarchiv-digital.de\/nutzungsbestimmungen\/","url":"https:\/\/aschaffenburgzweinull.stadtarchiv-digital.de\/nutzungsbestimmungen\/","name":"Nutzungsbedingungen f\u00fcr die Teilnahme an Aschaffenburg 2.0 - Aschaffenburg","isPartOf":{"@id":"https:\/\/aschaffenburgzweinull.stadtarchiv-digital.de\/#website"},"datePublished":"2020-08-20T08:51:33+00:00","dateModified":"2020-08-28T05:52:56+00:00","breadcrumb":{"@id":"https:\/\/aschaffenburgzweinull.stadtarchiv-digital.de\/nutzungsbestimmungen\/#breadcrumb"},"inLanguage":"de","potentialAction":[{"@type":"ReadAction","target":["https:\/\/aschaffenburgzweinull.stadtarchiv-digital.de\/nutzungsbestimmungen\/"]}]},{"@type":"BreadcrumbList","@id":"https:\/\/aschaffenburgzweinull.stadtarchiv-digital.de\/nutzungsbestimmungen\/#breadcrumb","itemListElement":[{"@type":"ListItem","position":1,"name":"Startseite","item":"https:\/\/aschaffenburgzweinull.stadtarchiv-digital.de\/"},{"@type":"ListItem","position":2,"name":"Nutzungsbedingungen f\u00fcr die Teilnahme an Aschaffenburg 2.0"}]},{"@type":"WebSite","@id":"https:\/\/aschaffenburgzweinull.stadtarchiv-digital.de\/#website","url":"https:\/\/aschaffenburgzweinull.stadtarchiv-digital.de\/","name":"Aschaffenburg","description":"2.0","potentialAction":[{"@type":"SearchAction","target":{"@type":"EntryPoint","urlTemplate":"https:\/\/aschaffenburgzweinull.stadtarchiv-digital.de\/?s={search_term_string}"},"query-input":{"@type":"PropertyValueSpecification","valueRequired":true,"valueName":"search_term_string"}}],"inLanguage":"de"}]}},"_links":{"self":[{"href":"https:\/\/aschaffenburgzweinull.stadtarchiv-digital.de\/data\/wp\/v2\/pages\/549","targetHints":{"allow":["GET"]}}],"collection":[{"href":"https:\/\/aschaffenburgzweinull.stadtarchiv-digital.de\/data\/wp\/v2\/pages"}],"about":[{"href":"https:\/\/aschaffenburgzweinull.stadtarchiv-digital.de\/data\/wp\/v2\/types\/page"}],"author":[{"embeddable":true,"href":"https:\/\/aschaffenburgzweinull.stadtarchiv-digital.de\/data\/wp\/v2\/users\/1"}],"replies":[{"embeddable":true,"href":"https:\/\/aschaffenburgzweinull.stadtarchiv-digital.de\/data\/wp\/v2\/comments?post=549"}],"version-history":[{"count":5,"href":"https:\/\/aschaffenburgzweinull.stadtarchiv-digital.de\/data\/wp\/v2\/pages\/549\/revisions"}],"predecessor-version":[{"id":612,"href":"https:\/\/aschaffenburgzweinull.stadtarchiv-digital.de\/data\/wp\/v2\/pages\/549\/revisions\/612"}],"wp:attachment":[{"href":"https:\/\/aschaffenburgzweinull.stadtarchiv-digital.de\/data\/wp\/v2\/media?parent=549"}],"curies":[{"name":"wp","href":"https:\/\/api.w.org\/{rel}","templated":true}]}}

Nutzungsbedingungen für die Teilnahme an Aschaffenburg 2.0

<h3>Urheberrechte</h3>
<p>Alle Nutzer*innen bestätigen beim Upload, über die Nutzungsrechte an Fotos und/oder Texten o.ä. zu verfügen, d.h. dass ihm*ihr &#8222;hinsichtlich des oben genannten Materials sämtliche für diese Nutzung erforderlichen Rechte zustehen&#8220; und dass er*sie über diese Rechte verfügen kann.</p>
<h3>Persönlichkeitsrechte / Recht am eigenen Bild</h3>
<p>Jeder Mensch hat das Recht am eigenen Bild. Ohne Erlaubnis dürfen Fotos von einzelnen Privatpersonen nicht veröffentlicht werden. Einige Hinweise als Hilfestellung: Lachen die abgebildeten Personen erkennbar in die Kamera, dann sind sie vermutlich damit einverstanden gewesen, fotografiert zu werden. Wenn Eltern zusammen mit ihrem Kind auf dem Foto zu sehen sind, kann man daraus auch auf das Einverständnis der Eltern schließen, Bilder der Kinder zu veröffentlichen. Grundsätzlich ist es aber am besten, wenn das Einverständnis der fotografierten Personen vorliegt (namentlich bei jüngeren Aufnahmen).</p>
<h3>Weiternutzung durch Creative Commons</h3>
<p>Alle Beiträge stehen in der Regel unter der Creative-Commons-Lizenz <a href="https://creativecommons.org/licenses/by/3.0/">CC BY 3.0</a>. Creative Commons ist eine gemeinnützige Organisation, zugleich aber auch die Bezeichnung für verschiedene standardisierte Lizenzen. Die „CC-Lizenzen“ werden eingesetzt, um alle Arten von „Werken“ (Bilder, Dateien, Texte, Audios etc.) kontrolliert zur Nachnutzung freizugeben.</p>
<h3>Weitere Grundsätze für die Teilnahme</h3>
<p><a href="https://aschaffenburgzweinull.stadtarchiv-digital.de/">Aschaffenburg 2.0</a> ist eine partizipative Plattform, d.h. die Aschaffenburger*innen beteiligen sich aktiv an den Inhalten.</p>
<ol>
<li>Alle beitragenden Personen verpflichten sich, in ihren Beiträgen die Rechte Dritter zu wahren (siehe auch oben).</li>
<li>Die Meinungsäußerungen der Teilnehmer*innen müssen sich im demokratisch angemessenen und vertretbaren Bereich bewegen.</li>
<li>Rassistische, diskriminierende und/oder verletzende Positionen u.Ä. werden nicht als Ausdruck freier Meinungsäußerung toleriert.</li>
<li>Die Inhalte können redaktionell vom Archiv betreut werden.</li>
<li>Die Beiträge dürfen keinen gewerblichen Charakter haben. Ebenso wenig darf Aschaffenburg 2.0 für das Durchführen politischer Kampagnen genutzt werden. Das Stadt- und Stiftsarchiv behält sich vor, solche Beiträge zu redigieren oder sie aus dem Portal auszuschließen.</li>
<li>Mit ihrer Anmeldung erklären sich die potenziellen beitragenden Personen mit diesen Grundsätzen einverstanden.</li>
</ol>

<p>Urheberrechte Alle Nutzer*innen bestätigen beim Upload, über die Nutzungsrechte an Fotos und/oder Texten o.ä. zu verfügen, d.h. dass ihm*ihr &#8222;hinsichtlich des oben genannten Materials sämtliche für diese Nutzung erforderlichen Rechte [&hellip;]</p>

<!-- This site is optimized with the Yoast SEO plugin v27.4 - https://yoast.com/product/yoast-seo-wordpress/ -->
<title>Nutzungsbedingungen für die Teilnahme an Aschaffenburg 2.0 - Aschaffenburg</title>
<meta name="robots" content="index, follow, max-snippet:-1, max-image-preview:large, max-video-preview:-1" />
<link rel="canonical" href="https://aschaffenburgzweinull.stadtarchiv-digital.de/nutzungsbestimmungen/" />
<meta property="og:locale" content="de_DE" />
<meta property="og:type" content="article" />
<meta property="og:title" content="Nutzungsbedingungen für die Teilnahme an Aschaffenburg 2.0 - Aschaffenburg" />
<meta property="og:description" content="Urheberrechte Alle Nutzer*innen bestätigen beim Upload, über die Nutzungsrechte an Fotos und/oder Texten o.ä. zu verfügen, d.h. dass ihm*ihr &#8222;hinsichtlich des oben genannten Materials sämtliche für diese Nutzung erforderlichen Rechte [&hellip;]" />
<meta property="og:url" content="https://aschaffenburgzweinull.stadtarchiv-digital.de/nutzungsbestimmungen/" />
<meta property="og:site_name" content="Aschaffenburg" />
<meta property="article:modified_time" content="2020-08-28T05:52:56+00:00" />
<meta property="og:image" content="https://aschaffenburgzweinull.stadtarchiv-digital.de/wp-content/uploads/2020/07/Logo-Stadtarchiv-Aschaffenburg.png" />
	<meta property="og:image:width" content="379" />
	<meta property="og:image:height" content="70" />
	<meta property="og:image:type" content="image/png" />
<meta name="twitter:card" content="summary_large_image" />
<meta name="twitter:label1" content="Geschätzte Lesezeit" />
	<meta name="twitter:data1" content="2 Minuten" />
<script type="application/ld+json" class="yoast-schema-graph">{"@context":"https:\/\/schema.org","@graph":[{"@type":"WebPage","@id":"https:\/\/aschaffenburgzweinull.stadtarchiv-digital.de\/nutzungsbestimmungen\/","url":"https:\/\/aschaffenburgzweinull.stadtarchiv-digital.de\/nutzungsbestimmungen\/","name":"Nutzungsbedingungen für die Teilnahme an Aschaffenburg 2.0 - Aschaffenburg","isPartOf":{"@id":"https:\/\/aschaffenburgzweinull.stadtarchiv-digital.de\/#website"},"datePublished":"2020-08-20T08:51:33+00:00","dateModified":"2020-08-28T05:52:56+00:00","breadcrumb":{"@id":"https:\/\/aschaffenburgzweinull.stadtarchiv-digital.de\/nutzungsbestimmungen\/#breadcrumb"},"inLanguage":"de","potentialAction":[{"@type":"ReadAction","target":["https:\/\/aschaffenburgzweinull.stadtarchiv-digital.de\/nutzungsbestimmungen\/"]}]},{"@type":"BreadcrumbList","@id":"https:\/\/aschaffenburgzweinull.stadtarchiv-digital.de\/nutzungsbestimmungen\/#breadcrumb","itemListElement":[{"@type":"ListItem","position":1,"name":"Startseite","item":"https:\/\/aschaffenburgzweinull.stadtarchiv-digital.de\/"},{"@type":"ListItem","position":2,"name":"Nutzungsbedingungen für die Teilnahme an Aschaffenburg 2.0"}]},{"@type":"WebSite","@id":"https:\/\/aschaffenburgzweinull.stadtarchiv-digital.de\/#website","url":"https:\/\/aschaffenburgzweinull.stadtarchiv-digital.de\/","name":"Aschaffenburg","description":"2.0","potentialAction":[{"@type":"SearchAction","target":{"@type":"EntryPoint","urlTemplate":"https:\/\/aschaffenburgzweinull.stadtarchiv-digital.de\/?s={search_term_string}"},"query-input":{"@type":"PropertyValueSpecification","valueRequired":true,"valueName":"search_term_string"}}],"inLanguage":"de"}]}</script>
<!-- / Yoast SEO plugin. -->

Nutzungsbedingungen für die Teilnahme an Aschaffenburg 2.0 - Aschaffenburg

Urheberrechte Alle Nutzer*innen bestätigen beim Upload, über die Nutzungsrechte an Fotos und/oder Texten o.ä. zu verfügen, d.h. dass ihm*ihr &#8222;hinsichtlich des oben genannten Materials sämtliche für diese Nutzung erforderlichen Rechte [&hellip;]
